se 1 = -d + 4*h + 16, -2*h + 33 = d. Suppose -4*c + 5*p + 69 = 0, 2*c - p - d = -0*p. Is c a multiple of 4?
False
Let k(t) = -360*t + 3. Is k(-1) a multiple of 14?
False
Suppose 2*k = -4*k - 90. Let f(l) = -l**3 - 13*l**2 + 25*l - 21. Is 27 a factor of f(k)?
True
Let i be (4/12)/(2/90). Suppose 0 = -4*y - 3*b - 35, i = -8*y + 4*y + b. Is 17 a factor of (-35)/(-14)*(-62)/y?
False
Let s = 126 + 226. Does 22 divide s?
True
Suppose 8*f = -3*l + 12*f + 457, -4*l = -5*f - 608. Is l a multiple of 22?
False
Suppose -8*z + 11*z = 126. Suppose -h + 16 = h. Suppose 6*o - h*o + z = 0. Does 7 divide o?
True
Let z(a) = -64*a**2 - 3*a - 2. Let m be z(-1). Is 8 a factor of ((-92)/7)/(18/m)?
False
Let y(s) = -4*s + 10. Let o be y(2). Suppose -2*h + h + 310 = o*m, 2*m - 3*h = 302. Does 16 divide m?
False
Let p be (7 + -1)*1340/30. Suppose -5*h - p + 48 = 0. Does 15 divide (h + 3 + -4)*-1?
True
Let z = -90 + 807. Is z a multiple of 37?
False
Let u(p) = p**3 - 12*p**2 + 16*p + 26. Let y be ((-4)/6)/2 - (-646)/57. Does 9 divide u(y)?
True
Suppose -5507 = -17*r + 868. Is 15 a factor of r?
True
Does 8 divide -2 + (-21)/(-6) - 7854/(-12)?
True
Let q(n) = -2*n**2 + 37*n + 33. Is q(10) a multiple of 3?
False
Let w = 816 + -633. Is 10 a factor of w?
False
Let c = 99 - 92. Suppose 5*t = c*t - 378. Is t a multiple of 20?
False
Let h be (-2)/4*0/(-2). Suppose q - d = 0, h = 5*q - 0*d + 5*d. Suppose q*j + 177 = 3*j. Is 11 a factor of j?
False
Suppose -2166 = -15*c - 4*c. Is 20 a factor of c?
False
Let d(k) = k + 8. Let u be d(-8). Let s(t) = -t**2 - 8. Let v be s(u). Let c(b) = b**2 + 7*b + 11. Is 7 a factor of c(v)?
False
Suppose -22*b - 89 = -23*b. Suppose -3*k - b = -4*h, -k - 4*k = 15. Does 10 divide h?
True
Let s = -23 - -31. Suppose s*a = 4*a + 12. Is a even?
False
Let s = 39 - 44. Let p(w) = -29*w - 10. Does 12 divide p(s)?
False
Suppose 3*g - 15 - 36 = 5*c, -34 = -2*g + 4*c. Suppose -2*o + d + 14 + g = 0, -2*d - 34 = -2*o. Does 2 divide o?
True
Is ((-6)/(-5))/((-2)/(-365) + 0) a multiple of 12?
False
Let x(q) be the first derivative of 5*q**2 - 15*q - 2. Does 11 divide x(7)?
True
Let j = -3 + 6. Suppose 2*n = -w + 51, -2*w + j*n + 27 + 40 = 0. Is 14 a factor of w?
False
Let i = 10 + -2. Let t(b) = 6*b**2 - 5*b**2 - i + b**2 + 6*b**2 - 6*b + b**3. Is 17 a factor of t(-8)?
False
Let w(i) = -3*i + 2. Let f be w(-2). Suppose -f*r = -6*r + 8. Let z = r - -23. Is z a multiple of 4?
False
Let s = 52 - 68. Let t(f) = f**2 + 7*f - 37. Is 25 a factor of t(s)?
False
Let n = 182 + 38. Is 55 a factor of n?
True
Suppose 13*x - 9*x + 272 = 0. Let p = 120 + x. Is p a multiple of 9?
False
Is 10 a factor of (-54)/(-6) + -4 - (1 + -196)?
True
Let n(q) be the first derivative of q**4/4 - q**2 + q - 2. Let j(x) = -2*x**2 + 3*x + 13. Let k be j(3). Is n(k) a multiple of 7?
False
Let t be -3 - (-2*3 + 3). Suppose -4*w + v + 95 = t, 29 + 41 = 3*w - 2*v. Is 12 a factor of w?
True
Suppose 4*f = 2*c + 4490, 2*f + 2*c + 0*c - 2254 = 0. Let d be f/(-10) + (-27)/45. Let h = d - -169. Is 14 a factor of h?
True
Let p(t) = -t**2 - 2*t - 2. Let h be p(3). Let m(w) = 10*w**2 + 52*w - 27. Let z(k) = 3*k**2 + 17*k - 9. Let d(f) = -2*m(f) + 7*z(f). Is 25 a factor of d(h)?
True
Let o(k) = -k**2 - 19*k - 35. Let w be o(-17). Let t(z) = -100*z - 4. Is t(w) a multiple of 32?
True
Let u = 521 + -422. Is 29 a factor of u?
False
Let q be -1 - (-7)/((-21)/(-12)). Suppose 2*x - 3*i - 387 = -x, -q*x + 4*i = -383. Does 30 divide x?
False
Let p(l) = 2*l**2 + 2*l. Let g(y) = y - 9. Let r be g(7). Let a be r/3*(3 + -6). Is 12 a factor of p(a)?
True
Suppose 8*s - 198 = 6*s. Does 28 divide (-22)/s - (-1388)/9?
False
Does 7 divide (32 - 41)/((-16)/14 + 1)?
True
Suppose -1837 = -3*y + 2*v, -3*v + 4 = 19. Is 21 a factor of y?
True
Suppose 6*o + 1 = -3*j + o, 2*j + 3*o = 0. Let y(v) = 3*v - j*v - 10*v - 4. Is y(-5) a multiple of 23?
True
Does 7 divide (44/8 - (-1)/2) + 673?
True
Let g(p) = 20*p**2 - 20*p - 18. Let c(v) = 13*v**2 - 13*v - 12. Let k(o) = 8*c(o) - 5*g(o). Is k(4) a multiple of 5?
False
Let k(z) = -z**3 - 10*z**2 - 7*z + 6. Let b be k(-6). Let h = b - -204. Is 27 a factor of h?
True
Let f = -80 - -83. Suppose 404 = f*x + 14. Is 26 a factor of x?
True
Let h be 2*(-38)/13 - (-6)/(-39). Let b(f) = 3*f**2 + 3*f + 1. Does 28 divide b(h)?
False
Suppose -4*r = 5*q - 14, -5*r + 2*q + 51 = 17. Let v = -11 + r. Let t(u) = u**3 + 4*u**2 - 8*u - 4. Is t(v) a multiple of 5?
False
Let a(l) = l**3 - 10*l**2 + 8*l + 11. Let t be a(9). Is 23 a factor of (-3)/((-1*(5 - t))/23)?
True
Suppose -2*s + 80 = 2*t, 5*s - 12 = 2*t + 195. Is 5 a factor of s?
False
Suppose -4*n - 78 = 5*h, n - 50 = 3*n - 3*h. Let t be 27/(-12) - (-6)/(-8). Is (-1 + t)/(11/n) a multiple of 5?
False
Let b be 3 - 1 - (-64 + 7 - -7). Suppose 0 = 5*d - 288 - b. Does 11 divide d?
False
Let d(c) be the second derivative of 5*c**4/12 - 2*c**3/3 + 4*c**2 - 39*c. Does 14 divide d(-6)?
False
Suppose 77*n = 82*n - 275. Does 2 divide n?
False
Let l(b) = -9*b + 3. Let q be l(-3). Let i = -70 + 76. Let z = i + q. Is 13 a factor of z?
False
Suppose -6*v + 179 = -235. Is v a multiple of 17?
False
Suppose -9*h - 8 = -11*h. Suppose h*d - 226 = 390. Is d a multiple of 14?
True
Suppose 0 = -4*m - 5*z + 4925, 5*m - z - 602 = 5547. Is 30 a factor of m?
True
Let g(j) = -j**2 - 46*j + 707. Does 30 divide g(-47)?
True
Suppose 0*m = -4*h + 3*m + 98, 4*h - 82 = -5*m. Is 20 a factor of 6/(6/3)*h?
False
Let w be 0 + 332 - (2 - 0). Suppose 0 = -5*t - 0*t + w. Is 22 a factor of t?
True
Suppose 3*d = -24 + 57. Let r = d - -37. Is 6 a factor of r?
True
Let k = 10 + -8. Suppose -5*n = s - 3*s - 222, -4*n + 178 = -k*s. Is 22 a factor of n?
True
Let k = 11 + -9. Suppose 1 = k*a - 9. Suppose -3*m - 6 = -3, -205 = -a*f + 5*m. Is 12 a factor of f?
False
Let d be (1 - 57 - 2) + -2. Let f(j) = -j**3 - 3*j**2 - j + 6. Let w be f(-6). Let m = w + d. Does 20 divide m?
True
Suppose -2*j - 3*j + 5*z = -45, -5*j + 29 = 3*z. Let c = 22 + -19. Suppose -c*m - j = -76. Is m a multiple of 11?
False
Is ((-8)/7)/(5/(-910)) a multiple of 16?
True
Suppose k = 5*l - 7*l + 262, -2*k = -3*l - 545. Is 4 a factor of k?
True
Let m(o) = -o + 4 + 2 + 2*o. Let v be m(8). Let b = 30 - v. Is 16 a factor of b?
True
Let i(a) = -26*a**2 - 19*a**2 + 72 + 44*a**2. Does 24 divide i(0)?
True
Suppose 0 = 17*z - 12*z. Suppose z = 5*k + 5, -4*h + 6*k + 314 = 4*k. Is h a multiple of 13?
True
Suppose 0 = -i - 4*x + 436, 3*i - 4*x = 1094 + 262. Is 14 a factor of i?
True
Suppose 4*z + 0*z = 9556. Let c = -4565 + z. Is c/(-28) - 6/(-21) a multiple of 26?
True
Let y(b) = -53*b - 1. Let f be y(1). Let p = f + 27. Is 2 a factor of (4*1)/((-18)/p)?
True
Let y be 10/(-45) - 735/(-27). Does 9 divide y/(2*(-6)/(-16))?
True
Let v = 3562 - 2300. Is v a multiple of 4?
False
Suppose -8*f - 4 = -9*f. Suppose f*g - 267 - 129 = 0. Does 33 divide g?
True
Let k(d) be the first derivative of 7*d**3/3 + 2*d**2 - 3*d + 3. Let b(z) = z**3 - 5*z**2 - 8*z + 14. Let s be b(6). Does 11 divide k(s)?
True
Let q be 1*-2 + -96 + (-22 - -23). Let m(f) = -f**2 + f - 33. Let l be m(0). Let y = l - q. Does 13 divide y?
False
Suppose 34*y - 38*y + 256 = 0. Does 9 divide ((-32)/y)/((-2)/76)?
False
Let x = 352 - 284. Is x a multiple of 17?
True
Let h = -38 + 49. Suppose -o - o - p = -17, 0 = -2*o - 3*p + h. Is o even?
True
Suppose -6*h - 3780 = -11*h. Is h a multiple of 9?
True
Suppose 56*g - 34257 - 16871 = 0. Is 6 a factor of g?
False
Suppose -2*t - 4*l + 128 = 0, 2*t + 6*l - 128 = 5*l. Suppose -t = 6*r - 10*r. Suppose 13*z = r*z - 54. Does 6 divide z?
True
Suppose 6459 = 35*y - 19616. Is 104 a factor of y?
False
Suppose -8*t + 3*t = 4*k - 433, 4*t - 330 = 5*k. Does 12 divide t?
False
Suppose -2*y + 4*r + 874 = -234, 3*r + 6 = 0. Is 25 a factor of y?
True
Suppose 0 = 5*i + 3*n - 69, -3*i - 3*n = 2*n - 51. Does 32 divide 2/8*64/6*i?
True
Suppose 4752 = 6*z + 2*z. Is z a multiple of 9?
True
Let f(a) = a**2 + 7*a - 13. Let q be f(8). Suppose 5*j - 2*u - q - 37 = 0, 4*u - 132 = -4*j. Is 15 a factor of j?
True
Suppose -4*y + 2*y - 8 = 0. Let r = 3 + y. Is 17 a factor of -2 - r - 48/(-1)?
False
Suppose -35 = -4*q + d, 2*q - 19 = 2*d - d. Let a = 17 - q. Suppose -a*u = -13*u + 48. Does 4 divide u?
True
Suppose 4*w = 5*x + w - 20, -2*w = 0. Let y be 0/2 - (1 - x). Suppose